q + u + 39. Let y = q - 4. Is y a prime number?
True
Let g(p) = -p**3 + p**2 - 127. Let x(m) = -m + 6. Let r be x(6). Let i be g(r). Let o = i + 194. Is o a composite number?
False
Let p be 180 - (1 - -1 - 2). Let i = p - 95. Is i a composite number?
True
Let l be (-4)/10*(-2 - -162). Let r be (l/(-6))/(1/27). Suppose 3*f - 296 = -5*a - 0*f, -5*a + f + r = 0. Is a composite?
True
Let k = -1545 - -2684. Is k prime?
False
Suppose -4*i + 3*s = -5*i + 19, 3*i - s - 17 = 0. Let u = i + 26. Is u a composite number?
True
Let q(v) = -v**2 + 12*v - 5. Let p be q(11). Let w = p - -8. Is w prime?
False
Suppose 0 = -4*k - 20, -2*u - 116 = 3*k - 5*k. Let l = -32 - u. Is l prime?
True
Let s = -78 + 115. Is s composite?
False
Is 2 - (3766/(-18) + (-24)/(-108)) composite?
False
Suppose p - 385 = 492. Is p composite?
False
Is 0 + 1 + (-4 - -10) prime?
True
Let l be (-2078)/6 - (-16)/(-24). Let c = 792 + l. Is c composite?
True
Let j be 2/10 + 732/15. Let p = j - -34. Is p a prime number?
True
Let a(h) = 25*h**3 + 2*h**2 + 2*h - 1. Let m(i) = -2*i. Let z be m(-1). Is a(z) a prime number?
True
Let r(t) be the second derivative of 91*t**4/12 + t**3/6 - t**2/2 + t. Is r(1) a prime number?
False
Let k(h) = h**2 + 10*h + 2. Suppose 2*u - 6*u + 2*x = -20, 17 = -u - 5*x. Suppose 11 = 4*r - u*r. Is k(r) a prime number?
True
Let u(k) = 2*k**3 - 3*k**2. Let d be u(2). Suppose b = d*n + 2*b - 594, 4*n - 586 = -5*b. Is n composite?
False
Let h be 9*1*12/9. Let a be ((-8)/h)/(4/(-126)). Suppose 2*g - a = g. Is g prime?
False
Let r = 2922 - 1189. Is r composite?
False
Suppose -4*v + 0*v + 1580 = 0. Is v composite?
True
Let c(l) = -300*l. Let z be c(-2). Suppose t - z = -4*y, -y = 4*t + t - 169. Is y a prime number?
True
Let g be 3*5/((-15)/(-344)). Let h = 88 + g. Suppose -4*w + 3*c = -563, 3*w - 4*c = -5*c + h. Is w composite?
True
Let u = 1421 - -220. Is u a prime number?
False
Let c(p) = 3*p**3 - 3 + 0*p + 4*p - p**2 - 5*p**2 + 0. Is c(4) composite?
False
Is (1/((-4)/1516))/(-1) a prime number?
True
Suppose -2*x + 2388 = p, 0 = -6*p + 3*p - 6. Is x a prime number?
False
Suppose 9*k + 24 = 6*k. Let g be (-7)/4 + 2/k. Is (357/6)/(g/(-4)) a prime number?
False
Let y = 110 - 31. Is y prime?
True
Suppose 0 = -3*f - 5*d - 1357 - 1715, 4*f = 4*d - 4128. Is 4/6 + f/(-9) composite?
True
Let h = 25 - 92. Is h/2*(-10)/5 a composite number?
False
Let k(t) = 1137*t**2 - 1. Is k(-2) prime?
True
Is 297/4 + 4/(-16) a prime number?
False
Suppose 3*g + 0*g = 33. Suppose 10 + g = f. Is f a composite number?
True
Is 1*1807*(-4)/(-4) prime?
False
Let f(b) = -7*b**3 + 9*b**2 + 13*b + 4. Is f(-5) a prime number?
True
Let b = -76 + 135. Is b composite?
False
Let n(f) = 13*f**2 + 2*f + 11. Let w(g) = -20*g**2 - 3*g - 17. Let u(p) = 8*n(p) + 5*w(p). Is u(4) prime?
True
Suppose 0 = 4*k + 4*r + 8, -k + 6 = -r - 0*r. Let w be (6/8)/(k/(-8)). Is ((-2)/4)/(w/12) prime?
True
Let r = -17 + -104. Let d = -38 - r. Is d a composite number?
False
Let n(o) = -4*o - 7. Suppose 2*u - 2 = -22. Is n(u) composite?
True
Suppose 7 = 3*t + 22. Let n(m) = -2*m**3 + 3*m**2 + 8*m + 10. Is n(t) a composite number?
True
Let n = 290 + -145. Suppose -i + 4*h = -n + 58, -5*i - 4*h = -435. Is i composite?
True
Let v(b) be the first derivative of 2*b**3 - b**2 + 3*b - 1. Let w be ((-5)/(-2))/((-1)/2). Is v(w) a prime number?
True
Suppose -5*d - w = -49, -2*d + w - 2*w = -22. Let b = d - 6. Is b a composite number?
False
Let p be (38/(-5))/(5/(-275)). Let i = 629 - p. Is i a composite number?
False
Let b = -56 - -475. Is b a prime number?
True
Let v(y) = -4*y**3 - 3*y**2 + 3*y + 2. Let h be v(-4). Let f be 4/24 + (-1022)/12. Let n = f + h. Is n composite?
False
Let h be (8/4 + 2)*596. Suppose 4*x - 5*f - h = -2*f, 0 = -f - 4. Is x a composite number?
False
Suppose 3*x - 344 = x + 2*q, 5*x = -3*q + 868. Let r = -122 + x. Is r a composite number?
True
Let x(t) = -15*t**3 + 7*t**2 + t + 11. Is x(-6) prime?
False
Let g(o) = o**2 - 6*o - 5. Let a be g(6). Let p be -183*(a/(-3) - 2). Let h = p - 24. Is h a composite number?
False
Suppose -15*k + 24*k - 12573 = 0. Is k composite?
True
Let s(p) = -10*p + 2. Let b(h) = h**3 - 7*h**2 + h - 9. Let k be b(7). Is s(k) a composite number?
True
Suppose 5*q = 4*u + 55, 4*u + 2*q - q = -61. Is (12/u)/((-4)/230) prime?
False
Suppose -9*n = 7*n - 28784. Is n a composite number?
True
Let a = 5 - -32. Suppose 0 = r + 6 - a. Is r composite?
False
Let j(o) = 4*o**2 + 8*o - 3. Is j(-6) a prime number?
False
Suppose 4*r - 17 = -3*v, -r = v - 4 - 3. Suppose 3*t = -3*f - 6, 0*t + 4*f - 4 = 2*t. Let k = t + v. Is k a composite number?
True
Let d(a) = 19*a - 14. Is d(7) a composite number?
True
Suppose -v + 1 + 2 = 0. Suppose -2*u + 965 = v*u. Is (-2)/(-3) - u/(-3) a prime number?
False
Let u = -3 - -3. Suppose -k - 5*q = 0, 2*k + u*q + 4*q + 6 = 0. Let b(z) = -z**3 - 5*z**2 + 6. Is b(k) composite?
True
Let a = 992 - 405. Is a a composite number?
False
Is -3 + (317 - 0/(-4)) prime?
False
Let r(h) = 16*h + 14. Is r(8) prime?
False
Let x be (-9 + 3 + 0)*-1. Suppose 3*j = x*j - 1797. Is j composite?
False
Suppose -b - 5 = -0*b, 7 = 2*q + b. Let x be q + 4/(-2) - 1. Suppose 0 = 4*o - o - j - 40, -x*o + 70 = 5*j. Is o a prime number?
False
Suppose -4*d - 861 = -c, -16 = -6*d + 2*d. Is c a prime number?
True
Suppose 6*c = c + 235. Is c a composite number?
False
Suppose -3*w + 1303 + 383 = 0. Suppose 7*y - 4*y - 4*s - 421 = 0, 4*y - 5*s - w = 0. Is y a prime number?
False
Let p = 9 + -7. Suppose -4*g = -4*l + 58 + 74, -4*l + p*g = -140. Is l prime?
True
Suppose -5*y = -1 + 11, 26 = -5*r + 2*y. Is (-1)/(3/67)*r a composite number?
True
Let i(d) = -d**2 + 3*d + 1. Let p be i(5). Suppose 4*v - 34 = 3*v - 3*g, -v + g = -18. Is v*(p/(-6) - -2) a composite number?
True
Suppose 0 = 4*v - 9*v + 20. Suppose -v*d = -4*h + 836, -234 = -h + 3*d - 29. Is h prime?
True
Suppose k - 4*j = 272, -2*j + 0*j = 3*k - 802. Suppose 4*m + 5*u = 339, 0 = -3*m - 0*m - u + k. Let x = m - -6. Is x a composite number?
False
Let q be 2/6 - (-15)/9. Let t be (-116)/10 - q/5. Let v = t - -31. Is v a composite number?
False
Let p = -1 + 4. Suppose p*z = 5*z - 610. Is z a composite number?
True
Is 12/8*(-2930)/(-15) a prime number?
True
Let d be (-6)/(-8) - 171/(-76). Suppose d*w - 425 - 346 = 0. Is w a prime number?
True
Let s = 1 - -9. Suppose -6*d + s = -d. Suppose w - 72 = -d*w - 3*p, -2*p = 4*w - 86. Is w composite?
False
Let q(i) = 2*i**3 - 3*i**2 - 4*i + 5. Let o(f) = -f**3 + 4*f**2 + 3*f - 5. Let z(c) = 3*o(c) + 2*q(c). Is z(-5) prime?
False
Suppose p + 542 = 3*l, -5*p - 517 = -3*l - 9*p. Is l composite?
False
Let z(s) = -s**2 + 8*s - 7. Let t be z(6). Suppose 23 + 19 = 3*y - t*o, 3*y - 48 = 3*o. Is y composite?
False
Suppose 2*t = 2*x - 3 - 5, -2*x + t + 7 = 0. Suppose n = -x*n - 4. Let b(k) = -77*k. Is b(n) a composite number?
True
Suppose 2*o = 4 - 0. Suppose 0*h + 10 = 5*v + 2*h, 0 = -o*v - 5*h + 25. Suppose t - 2*t = f - 7, 4*f + 12 = v. Is t a composite number?
True
Suppose -3*u + 3*d = 2*u - 376, -3*u + 4*d + 230 = 0. Is u a prime number?
False
Let x be 3 - (-2 + (0 - -2)). Let s = 19 - x. Suppose 3*b = 83 + s. Is b composite?
True
Let h = 11 + -8. Suppose -h*x = x - 212. Is x prime?
True
Let l(a) = 13*a - 4. Suppose 4*u - 7 = 9. Let p = u - 1. Is l(p) prime?
False
Let y(b) = -b**3 + 7*b**2 - 4*b + 5. Let r = -6 - -11. Is y(r) composite?
True
Is 191*5*2/10 a composite number?
False
Suppose -2*u - 2*d - 10 = 0, 0 = -4*u - u + 3*d + 7. Let i = 1 - u. Suppose 5 = -t, r - 5*r + i*t = -222. Is r composite?
False
Let z = 574 - -819. Is z composite?
True
Let n(i) = -3*i - 4. Let q be n(-2). Suppose q*o - 5*w - 198 = 3, 5*o + 4*w - 585 = 0. Is o composite?
False
Suppose -4*q + 5*d + 4531 = 0, 5*d + 3116 = 3*q - 276. Is q composite?
True
Let p(o) be the third derivative of -13*o**4/24 - o**3/2 + o**2. Is p(-2) a composite number?
False
Let r(w) = 19*w**2 + 3*w + 4. Let z be r(3). Let s be ((-276)/20)/(2/(-10)). Let l = z - s. Is l a composite number?
True
Let z = 40 - 56. Is (z/8)/(2/(-187)) a prime number?
False
Let n(c) = c. Let u be (-4)/(-10) - (-46)/10. Let s be n(u). Suppose s*z - 365 = -100. Is z a composite number?
False
Let m(l) = 3*l - 10. Is m(11) composite?
False
Let n(h) = -678*h + 1. Is n(-1) a prime number?
False
Let o b